{"id":26,"date":"2026-02-18T07:36:25","date_gmt":"2026-02-18T07:36:25","guid":{"rendered":"https:\/\/dev.fantaisienoire.fr\/?page_id=26"},"modified":"2026-04-20T07:22:31","modified_gmt":"2026-04-20T07:22:31","slug":"contact","status":"publish","type":"page","link":"https:\/\/fantaisienoire.fr\/index.php\/contact\/","title":{"rendered":"Contact"},"content":{"rendered":"\n<p>Tout commence par une id\u00e9e . Peut-\u00eatre avez-vous un projet cr\u00e9atif que vous souhaitez partager avec moi. Peut-\u00eatre aimeriez-vous juste me rencontrer. Quel que soit votre cas, je serai ravie de vous r\u00e9pondre.<\/p>\n\n\n\n<p><br><strong>Venir <\/strong>: CONCRETE JUNGLE (atelier expo vente) : 808 ave des R\u00e9mouleurs &#8211; Soorts Hossegor (Sur RDV)<\/p>\n\n\n\n<p><strong> Me contacter<\/strong>  : contact [at] fantaisienoire.fr ou <a href=\"https:\/\/www.instagram.com\/fantaisie.noire\/\" target=\"_blank\" rel=\"noreferrer noopener\">instagram@fantaisienoire<\/a><\/p>\n\n\n\n<p><\/p>\n\n\n<style>.kb-google-maps-container26_74cb7c-f5{height:450px;}<\/style><div class=\"kb-google-maps-container kb-google-maps-container26_74cb7c-f5  wp-block-kadence-googlemaps\" data-mapid=\"26_74cb7cf5\"><iframe width=\"100%\" height=\"100%\"\n\t\t\t\t\t\t\tstyle=\"border:0\" loading=\"lazy\"\n\t\t\t\t\t\t\tsrc=\"https:\/\/www.google.com\/maps\/embed\/v1\/place?key=AIzaSyBAM2o7PiQqwk15LC1XRH2e_KJ-jUa7KYk&#038;zoom=11&#038;maptype=roadmap&#038;q=fantaisie+noire+Hossegor\"\n\t\t\t\t\t\t\ttitle=\"Carte Google de fantaisie noire Hossegor\"><\/iframe><\/div><script>function kb_google_map26_74cb7cf5() { let center = { lat: 37.8201, lng: -122.4781}; let map = new google.maps.Map(document.getElementById(\"kb-google-map26_74cb7cf5\"), {\n\t\t\t\t\t    zoom: 11,\n\t\t\t\t\t    center: center,});let marker = new google.maps.Marker({   position: { lat: 37.8201, lng: -122.4781},    map: map,  });}<\/script>","protected":false},"excerpt":{"rendered":"<p>Tout commence par une id\u00e9e . Peut-\u00eatre avez-vous un projet cr\u00e9atif que vous souhaitez partager avec moi. Peut-\u00eatre aimeriez-vous juste [&hellip;]<\/p>\n","protected":false},"author":1,"featured_media":0,"parent":0,"menu_order":0,"comment_status":"closed","ping_status":"closed","template":"","meta":{"_seopress_robots_primary_cat":"","_seopress_titles_title":"","_seopress_titles_desc":"","_seopress_robots_index":"","site-sidebar-layout":"default","site-content-layout":"","ast-site-content-layout":"default","site-content-style":"default","site-sidebar-style":"default","ast-global-header-display":"","ast-banner-title-visibility":"","ast-main-header-display":"","ast-hfb-above-header-display":"","ast-hfb-below-header-display":"","ast-hfb-mobile-header-display":"","site-post-title":"","ast-breadcrumbs-content":"","ast-featured-img":"","footer-sml-layout":"","ast-disable-related-posts":"","theme-transparent-header-meta":"","adv-header-id-meta":"","stick-header-meta":"","header-above-stick-meta":"","header-main-stick-meta":"","header-below-stick-meta":"","astra-migrate-meta-layouts":"default","ast-page-background-enabled":"default","ast-page-background-meta":{"desktop":{"background-color":"var(--ast-global-color-5)","background-image":"","background-repeat":"repeat","background-position":"center center","background-size":"auto","background-attachment":"scroll","background-type":"","background-media":"","overlay-type":"","overlay-color":"","overlay-opacity":"","overlay-gradient":""},"tablet":{"background-color":"","background-image":"","background-repeat":"repeat","background-position":"center center","background-size":"auto","background-attachment":"scroll","background-type":"","background-media":"","overlay-type":"","overlay-color":"","overlay-opacity":"","overlay-gradient":""},"mobile":{"background-color":"","background-image":"","background-repeat":"repeat","background-position":"center center","background-size":"auto","background-attachment":"scroll","background-type":"","background-media":"","overlay-type":"","overlay-color":"","overlay-opacity":"","overlay-gradient":""}},"ast-content-background-meta":{"desktop":{"background-color":"var(--ast-global-color-4)","background-image":"","background-repeat":"repeat","background-position":"center center","background-size":"auto","background-attachment":"scroll","background-type":"","background-media":"","overlay-type":"","overlay-color":"","overlay-opacity":"","overlay-gradient":""},"tablet":{"background-color":"var(--ast-global-color-4)","background-image":"","background-repeat":"repeat","background-position":"center center","background-size":"auto","background-attachment":"scroll","background-type":"","background-media":"","overlay-type":"","overlay-color":"","overlay-opacity":"","overlay-gradient":""},"mobile":{"background-color":"var(--ast-global-color-4)","background-image":"","background-repeat":"repeat","background-position":"center center","background-size":"auto","background-attachment":"scroll","background-type":"","background-media":"","overlay-type":"","overlay-color":"","overlay-opacity":"","overlay-gradient":""}},"footnotes":""},"class_list":["post-26","page","type-page","status-publish","hentry"],"_links":{"self":[{"href":"https:\/\/fantaisienoire.fr\/index.php\/wp-json\/wp\/v2\/pages\/26","targetHints":{"allow":["GET"]}}],"collection":[{"href":"https:\/\/fantaisienoire.fr\/index.php\/wp-json\/wp\/v2\/pages"}],"about":[{"href":"https:\/\/fantaisienoire.fr\/index.php\/wp-json\/wp\/v2\/types\/page"}],"author":[{"embeddable":true,"href":"https:\/\/fantaisienoire.fr\/index.php\/wp-json\/wp\/v2\/users\/1"}],"replies":[{"embeddable":true,"href":"https:\/\/fantaisienoire.fr\/index.php\/wp-json\/wp\/v2\/comments?post=26"}],"version-history":[{"count":4,"href":"https:\/\/fantaisienoire.fr\/index.php\/wp-json\/wp\/v2\/pages\/26\/revisions"}],"predecessor-version":[{"id":140,"href":"https:\/\/fantaisienoire.fr\/index.php\/wp-json\/wp\/v2\/pages\/26\/revisions\/140"}],"wp:attachment":[{"href":"https:\/\/fantaisienoire.fr\/index.php\/wp-json\/wp\/v2\/media?parent=26"}],"curies":[{"name":"wp","href":"https:\/\/api.w.org\/{rel}","templated":true}]}}